) = -6*v - 14. Let t(k) = -k - 2. Let h be (2 + -7)*4/(-4). Let p be t(h). What are the prime factors of w(p)?
2, 7
Let r(p) be the third derivative of -p**4/12 - 11*p**3/6 + 7*p**2. Let w be r(-8). Suppose 0*n + w*n = 10. List the prime factors of n.
2
Suppose 0 = 5*y + 3*g + 71, 3*y = -2*g + g - 41. Let c = 66 + y. What are the prime factors of c?
53
Suppose 3*f - 2588 = o, 0*f + 3*f = -5*o + 2558. Suppose -5*p = -f - 124. What are the prime factors of p?
197
Let v(r) be the first derivative of r**2/2 + 37*r + 3. What are the prime factors of v(-11)?
2, 13
Suppose -6*s + 10 = -4*s. Let g be s + (2 - -1 - 3). List the prime factors of ((-66)/g)/((-9)/30).
2, 11
Let b(j) = 15*j - 36. Suppose n + n = k + 24, -3*n + 10 = 5*k. What are the prime factors of b(n)?
2, 3, 19
List the prime factors of (2 + 1)*18688/96.
2, 73
Let c(z) = -16*z - 17. Let j be c(-11). Suppose -3*f = 4*l - j, 5*f + 4*l - 279 = 2*l. List the prime factors of f.
3, 19
Let j(n) = n**3 + 3*n**2 - 2*n - 2. Let f be j(-3). Let l be (-1)/f + 1/4. Suppose 4*h - 20 = l, 0 = 4*x + 3*h - 233 + 38. What are the prime factors of x?
3, 5
Let j be (-17)/2*(-2 - -4). Let n(k) = -k**3 - 15*k**2 + 27*k + 28. List the prime factors of n(j).
3, 7
Let n be -2*(-5)/20 - 3/(-2). Suppose -5*m + 516 = -n*m. List the prime factors of m.
2, 43
Let b = 3 + -16. Let g = -6 - b. Suppose g - 122 = -5*i. List the prime factors of i.
23
Let u(n) = -5*n - 4. Let q be u(-2). What are the prime factors of ((-27)/4)/(q/(-32))?
2, 3
Let a = -1982 - -4872. List the prime factors of a.
2, 5, 17
Suppose -25 + 7 = 3*t. Let v be t/(-12)*8/2. Suppose 0 = g - v*u - 3*u - 31, 3*g - 28 = 2*u. List the prime factors of g.
2, 3
Let r(d) = -3*d**2 - 50*d - 41. Let w(s) be the first derivative of s**3/3 + 17*s**2/2 + 14*s - 4. Let y(l) = 6*r(l) + 17*w(l). List the prime factors of y(-6).
2, 11
Suppose -5*z - 2*q + 6 = 0, 4*z - 3*q - 10 = -2*q. Suppose 2*t + 2*f = 5*f + 141, 4*f = z*t - 140. What are the prime factors of t?
2, 3
Suppose v - 624 = i, -5*v + i + 2*i + 3112 = 0. What are the prime factors of v?
2, 5, 31
Let x be 2*(3 - 4)*-2. Suppose 0 = 3*i + 5*w - 3, i + w = x*i - 3. What are the prime factors of (-1260)/(-24) + i/2?
53
Suppose -5*o = 2*d - 44, d + 25 = 5*o - 28. List the prime factors of 12/20 - (-234)/o.
2, 3
Suppose -17*r + 15*r = -1644. Suppose 0 = -11*h + 5*h + r. List the prime factors of h.
137
Let r = -13 + 27. Let k = -26 + r. Let q = 18 + k. List the prime factors of q.
2, 3
Suppose 214*u - 223*u + 24390 = 0. What are the prime factors of u?
2, 5, 271
Let l(z) be the second derivative of -z**3/3 + 21*z**2 + 14*z. List the prime factors of l(0).
2, 3, 7
What are the prime factors of (9/(-3))/3 - (8 - 692)?
683
Suppose 24 = -3*y - 5*y. Let t = -17 + 8. List the prime factors of 6/t + (-50)/y.
2
Let g(t) = 87*t**2 - t - 3. List the prime factors of g(3).
3, 7, 37
Let s(m) = 1279*m**2 + 12*m - 28. List the prime factors of s(2).
2, 3, 71
Suppose -25 = 6*c + 65. Let x = 128 - c. What are the prime factors of x?
11, 13
Suppose 5*k = -5*q, -5*k + 12 = -q - 3*k. List the prime factors of (-36)/(-10)*q*(3 - 23).
2, 3
Let a(s) = 3 + 9*s + 1 - 4 + 4. Let p be a(2). Suppose 21 = 2*v - 5*o - p, v - 3*o - 19 = 0. List the prime factors of v.
2, 17
Let y be (-1)/(-3)*(0 + 0) + 12. List the prime factors of 335/3 - y/18.
3, 37
Let m = 9 + -7. Suppose 3*d + m*p + 20 = 0, -32 = 4*d - 0*p + 4*p. Let g(z) = 2*z**2 - z + 5. List the prime factors of g(d).
41
Suppose -170 - 28 = -6*i. Let c = i - -25. List the prime factors of c.
2, 29
Let a(l) = -6*l + l - 3*l + 5 + l + l**2. Let s be a(7). Suppose -2*w - v + 119 = 0, -s*v = -0*w + 4*w - 229. List the prime factors of w.
61
Suppose -3*a - 12*m = -13*m - 5019, -2*a + 3*m = -3346. List the prime factors of a.
7, 239
Let d = 218 + 847. What are the prime factors of d?
3, 5, 71
Let u(r) = 3*r - 8. Let v be u(7). Let i be v/1 - (1 - -2). Let d(c) = -c**3 + 10*c**2 + 2*c - 5. What are the prime factors of d(i)?
3, 5
List the prime factors of 2/(12/30) + 457.
2, 3, 7, 11
Suppose 0 = 54*w - 13955 + 3263. List the prime factors of w.
2, 3, 11
Let u(w) = w**3 + 8*w**2 - 9*w - 1. Let p be u(-9). Let r be (21/14)/(p/26). Let x = -20 - r. List the prime factors of x.
19
Suppose -s + 7 = s - d, 3*d = 3*s - 6. Suppose s*a = -0*a + 15. Suppose 0 = -a*c + 41 + 40. What are the prime factors of c?
3
Let k(h) = 4*h**3 - 18*h**2 + 17*h - 6. List the prime factors of k(7).
3, 67
What are the prime factors of 8*1 + (-11 - -148)?
5, 29
Let f(a) = 2*a**2 + 1. Let i be f(-1). Suppose 5*n - 1 - 11 = 3*w, -4*w = -i*n + 5. List the prime factors of 99/22*8/n.
2, 3
Let n be -7 + 12/(4 + 0). What are the prime factors of 2084/18 + n/(-18)?
2, 29
Let a be (33/(-2))/11 - 1102/4. Let w = -159 - a. List the prime factors of w.
2, 59
Let v be 0/(-1) + 5*(-218)/(-10). Suppose 5*y - v = 186. List the prime factors of y.
59
Suppose -3*b - 3*l = -453, -7*b + 3*b + l + 604 = 0. What are the prime factors of b?
151
Let y(v) = -v - 1. Let w(c) = 2*c**2 - 7*c - 7. Let i(f) = w(f) - 2*y(f). Let k = -3 - 0. List the prime factors of i(k).
2, 7
Let o(a) = -a**2 + 7*a - 14. Let h be o(6). List the prime factors of 63 - 4/h*6.
2, 3, 11
List the prime factors of (-252)/(-45) - 5 - 8374/(-10).
2, 419
Suppose y = -46 + 114. List the prime factors of y.
2, 17
Let l(v) = -v + 3. Let x be l(3). Suppose -h + x = -69. What are the prime factors of h?
3, 23
Suppose -2*j + 6*j - 83 = -3*b, -b + 21 = -2*j. Let m be b/(-10)*16/(-10). Suppose 20 = v + m*g, 0 = -4*v + g - 0*g + 46. List the prime factors of v.
2, 3
Suppose -3*h = 2*h - 4*h. Let l = h + 107. What are the prime factors of l?
107
Suppose 4*d - 1525 = -309. Let f = d - 172. Suppose -4*y = -0*y - f. What are the prime factors of y?
3, 11
Let b = 78 - 0. Suppose -582 = -4*z - b. List the prime factors of z.
2, 3, 7
Suppose -4*a - 3*v = -6271, -5*a + 4*v = 9*v - 7845. What are the prime factors of a?
2, 17, 23
Let l(d) = -10*d + 1. Let s be l(3). Let w = 60 + s. List the prime factors of w.
31
Let v(u) = 18*u**2 + 2*u - 2. Let j(f) = 3*f + 16. Let l = 17 + -22. Let n be j(l). List the prime factors of v(n).
2, 3
List the prime factors of (-9)/((-9)/(-7)) + 1043.
2, 7, 37
Let r(l) = -2*l - 8. Let x be r(-6). Suppose x*y - 144 = 144. What are the prime factors of y?
2, 3
Let k = 23 + 81. Let y be 3 + (-3 - -4 - 2). Suppose -6*c = -y*c - k. What are the prime factors of c?
2, 13
Suppose 0*c + 150 = -3*o + 3*c, -3*o = -2*c + 152. Let x be 6/(0 - 1)*2. Let u = x - o. What are the prime factors of u?
2, 5
Suppose 50*a - 45*a = -4*x + 10850, -x = -a + 2170. List the prime factors of a.
2, 5, 7, 31
Suppose 24*y - 22*y = 324. Let l = 230 - y. What are the prime factors of l?
2, 17
Let n = 68 + -57. Let o(d) = 17*d - 37. What are the prime factors of o(n)?
2, 3, 5
Let x be (-3 - 21/(-6))*-20. Let o be (-1)/(-1 + x/(-15)). Suppose -o*r = -0*r - 69. List the prime factors of r.
23
Suppose 0 = -10*x + 12*x - 4. Suppose -x*w - 3 = -7. Suppose -s = -w*s + 45. What are the prime factors of s?
3, 5
Let d = -422 + 667. Let f(j) = j**3 + j**2 - j + 1. Let i be f(0). What are the prime factors of d/14 - i/2?
17
Let h = 3304 + -1049. What are the prime factors of h?
5, 11, 41
Suppose -3*j = -15*j + 24. Suppose -y - 169 = -3*b - j*b, -y - 67 = -2*b. List the prime factors of b.
2, 17
Let h(w) = w**3 + 5*w**2 - 8*w + 3. Let g = 20 + -15. Suppose 5*u + p + 46 = g*p, -5*p = -u - 26. List the prime factors of h(u).
3, 5
Suppose 171 - 20 = 5*p + 3*i, -p - 3*i + 23 = 0. Suppose 0 = -4*b - v - p + 149, -25 = -5*v. List the prime factors of b.
2, 7
Suppose -6*j - 2*f + 3586 = -j, -9 = -3*f. List the prime factors of j.
2, 179
Suppose -468*c - 70 = -475*c. List the prime factors of c.
2, 5
Let j be (-8)/(-32) + 282/(-8). Let x = j - -176. List the prime factors of x.
3, 47
Let l be (-394)/(-26) + 14/(-91). Let r = -10 + l. What are the prime factors of r + -2 + 3 + 1?
7
Suppose 2*x - l + 15 = 56, -4*x = 5*l - 75. Let y(o) = o**3 + 8*o**2 + o + 8. Let g be y(-8). Suppose 2*h - x - 28 = g. List the prime factors of h.
2, 3
Suppose -4*v + 0*g + 28 = -g, -20 = -4*v - g. Suppose -o - 5*r = -2 - 0, -5*r - 6 = -3*o. Let p = o + v. What are the prime factors of p?
2
Let s = 16 - 8. Let c = s + -6. List 